5*y(d). Let h(s) = -5*k(s) - 4*u(s). Calculate h(-6).
6
Let q(t) = -13*t**3 + 12*t**2 - 9*t + 34. Let r(l) = 7*l**3 - 6*l**2 + 5*l - 18. Let n(f) = -6*q(f) - 11*r(f). Calculate n(6).
-12
Let h(i) = -i + 10. Let f = 15 - 8. Give h(f).
3
Let y be 0/(1 + 0 + -2). Let s(x) be the second derivative of x**5/20 - x**4/12 + 5*x**2 - x. Determine s(y).
10
Let s(i) = i**3 + 4*i**2 - 2*i - 2. Suppose -2*a + 86 - 94 = 0. Give s(a).
6
Let w(a) = 20*a. Let t(n) = -3*n**2 + 3*n - 1. Let y be t(1). Determine w(y).
-20
Suppose -10 = -2*l - b, 0 = 2*b - b + 2. Let h(n) be the third derivative of -n**6/120 + n**5/10 + n**3 - n**2. What is h(l)?
6
Let a(r) = -r**3 + 5*r**2 + 3*r - 6. Let b = -7 + 12. Calculate a(b).
9
Let q(b) = b**3 - 17*b**2 + 17*b - 21. Let z be q(16). Let y(r) = r - 1. Determine y(z).
-6
Let f(q) = 4*q - 1. Let r(t) = -7*t + 2. Let l(k) = 5*f(k) + 3*r(k). Give l(6).
-5
Let d be 9/2 - 2/(-4). Let y be -8 + 8 + (-12)/2. Let x = y + d. Let j(z) = -z. What is j(x)?
1
Let g = 10 + -1. Let t be g/(-6)*10/3. Let o(v) = v**3 + 5*v**2 - v + 6. Give o(t).
11
Let n(g) be the third derivative of g**4/6 - g**3/6 + 5*g**2. Determine n(5).
19
Let j(m) = m**3 - 4*m**2 - 6*m + 1. Let l = 9 + -6. Let s be ((-5)/(-3))/(1/l). Determine j(s).
-4
Let r(v) = 3*v**2 - v**3 + 4 - v - 8*v + 8*v. Determine r(3).
1
Let q(b) = 2*b**2 - 6*b - 11. Let h(u) = -3*u**2 + 5*u + 12. Let w(m) = 3*h(m) + 4*q(m). What is w(-6)?
10
Let i(v) = -v. Let h be (-8)/(-12) + 20/6. Let p = h + -11. Let z(d) = 4*d + 1. Let a(r) = p*i(r) - 2*z(r). Determine a(0).
-2
Suppose -2*b - 1 = -3. Let t(i) = -8*i**3 + 5*i**2 + i - 7. Let x(j) = -8*j**3 + 4*j**2 + j - 6. Let l(o) = -6*t(o) + 7*x(o). What is l(b)?
-9
Suppose -j + 4*j = 24. Let f = -6 + j. Let m(l) = 2*l + 1. Calculate m(f).
5
Let w(y) = 20*y**2 - 18*y + 38. Let b(u) = 7*u**2 - 6*u + 13. Suppose -a - 26 = 3*a + 2*k, -4*k = -a - 2. Let p(j) = a*w(j) + 17*b(j). Calculate p(5).
-2
Let t(m) be the second derivative of -m**4/12 + m**3/6 + 9*m**2/2 + m. Let q(n) = n**3 - 7*n**2 + 6*n. Suppose -f - 3*f + 24 = 0. Let i be q(f). Calculate t(i).
9
Let h(l) = -l + 2. Let g(s) = 1. Let j(x) = 5*g(x) + h(x). What is j(7)?
0
Let i(p) = 2*p**3 - 7*p**2 + 9*p + 1. Let c(j) = 3*j**3 - 10*j**2 + 13*j + 2. Let q(g) = -5*c(g) + 8*i(g). What is q(5)?
8
Let x(m) = -27*m - 27*m + 53*m - 11 + 5. What is x(6)?
-12
Let b(y) = y**2 + 14*y + 1. Let s be b(-14). Let k(d) be the first derivative of -2*d**3 + d**2/2 - 1. What is k(s)?
-5
Suppose 3*w = -4*x + 8 + 13, 5*w + x - 18 = 0. Suppose 0 = k - 3, w*m - 2*k = -m + 2. Let q(t) = 2*t**2 - 5 + 2*t + 5. Give q(m).
12
Let z(r) = r**2 - 3*r + 3. Let s = -9 - -11. Suppose s*w = -5*f - 3*w, f - 3*w - 8 = 0. Give z(f).
1
Suppose -8*i = -7*i - 6. Let a(m) = -2 - 3 + 0*m + m. Give a(i).
1
Let z be (-2 - -11)*2/6. Let q(c) = -4*c**2 - 4*c**2 + 2*c - z*c + 4*c**2. Give q(-1).
-3
Let p = -9 - -8. Let n(m) = m**3 - 3*m**2 - 1. Let f be n(3). Let v(w) = 7*w**3 + w**2 + 7*w - 6. Let s(d) = d - 1. Let x(t) = f*v(t) + 6*s(t). Give x(p).
7
Let p = -81 - -73. Let f(o) = -o**2 - 9*o + 1. Determine f(p).
9
Let t(f) be the third derivative of f**6/120 + f**5/10 + f**4/4 + 7*f**3/6 - 6*f**2 + 4*f. Determine t(-5).
2
Let r(b) = 5 - b - b**2 + 0*b**2 - 3 - 1. Give r(-3).
-5
Let u(j) = j**2 + 4*j + 5. Let i be u(-4). Suppose 1 = -i*x + 11. Let l(o) = -x - 4*o - 1 + 3*o. What is l(-4)?
1
Let b(a) be the second derivative of a**8/6720 + a**7/840 - a**6/240 + a**5/24 - a**4/4 - a. Let t(g) be the third derivative of b(g). Determine t(-4).
1
Let z(i) = -5*i - 5. Let h(g) = 14*g + 15. Let n(x) = -6*h(x) - 17*z(x). Let d(p) = -5*p**3 - p**2 - p - 1. Let m be d(-1). What is n(m)?
-1
Let f(x) = 5*x + 4. Let q(l) = -2*l - 23. Let s be q(-10). What is f(s)?
-11
Let p(x) be the first derivative of -19*x**4/4 + x**3/3 + x**2/2 + 26. Determine p(-1).
19
Let d(k) = -k**3 - 10*k**2 + 11*k - 5. Let o be d(-11). Let w = -3 - o. Let n(l) = -1 - l**3 - l + 2*l**3 - 2 - 3*l**w. What is n(3)?
-6
Let v be (3 - (-4)/(-1))/(1 + 0). Let k(y) = 26*y**2 + 6*y + 3. Let f(x) = -9*x**2 - 2*x - 1. Let o(z) = 8*f(z) + 3*k(z). What is o(v)?
5
Let h(a) = -a**2. Let b(j) = 4*j**2 - 5*j - 5. Suppose 5*d + 12 = d. Let r(w) = d*h(w) - b(w). Let z be -5*(-1)/((-1)/(-1)). Calculate r(z).
5
Let p(s) = s**2 + 8*s + 7. Let j be p(-6). Let l(o) = o**3 + 6*o**2 + 6*o + 5. Give l(j).
0
Let t(m) = 2*m**3 + 7*m**2 - m - 9. Let q(n) = -n**3 - n**2 - n + 1. Let b(l) = q(l) + t(l). Calculate b(-6).
4
Let h be (-3 - 3)/((-9)/12). Let d(i) = -4*i**2 + 4 - h*i + 5*i + 3*i**2. Give d(-3).
4
Let y = -1 - -6. Let d = -2 - -5. Let f(i) = 0*i - i**3 + i + 2*i**2 - 2 + 0*i**d + 3*i**2. Give f(y).
3
Let t be (-1)/(-4)*6*2. Suppose -2*f = 5*h - 14, h + 2 = -t*f - 3. Let g(o) = 2*o + 2. Calculate g(h).
10
Suppose -y = -3*y. Let o(s) = y*s**2 + 19 - s**2 + 3*s - 16. What is o(4)?
-1
Let p(d) = -d**3 - 5*d**2 + 5*d - 1. Suppose 3*j = 4*j + 6. Determine p(j).
5
Let q(r) = -5*r**3 + 24*r**2 - 19*r - 25. Let p(m) = -m**3 + 5*m**2 - 4*m - 5. Let j(s) = -11*p(s) + 2*q(s). Give j(6).
5
Suppose 0 = 4*j + 5*z - 38 - 11, 0 = 2*j + 2*z - 22. Let q(w) = -w**3 + 7*w**2 - 8*w + 7. Give q(j).
-5
Let g(o) = 7*o**2 - 6*o - 6. Let f(q) be the first derivative of -q**3/3 + q**2/2 + q - 1. Let l(w) = -6*f(w) - g(w). Give l(2).
-4
Let m(t) = 5*t**3 - 11*t**2 - 8*t + 5. Let z(c) = c**3 - 3*c**2 - 2*c + 1. Let f(d) = 2*m(d) - 9*z(d). Determine f(-4).
9
Let o(w) = w + 2. Let x(d) = -d - 3. Let a(q) = -4*o(q) - 3*x(q). Suppose -2 - 2 = t. Let i be (t/(-2) - -2)*1. What is a(i)?
-3
Let t = 4 + -1. Let c(q) = -t - 2*q**2 - 7*q + 3*q**2 + 3*q. Let o be 4/3*21/(-14). Give c(o).
9
Suppose o - 3*o + 6 = 0. Suppose o*k + 2*q = 22, -1 = -5*k + q + 27. Let h(d) = -d**2 + 7*d - 2. Give h(k).
4
Let c(j) = -13 + 20 + j - 8. Let x(b) = -2 - b + 1 + 4*b. Let l(i) = 5*c(i) - 2*x(i). Calculate l(-4).
1
Let v(w) = -w**2 - 3*w. Let o = -12 + 17. Suppose -27 = o*i - 12. Determine v(i).
0
Let q(y) = -y**2 - y + 1. Let f(r) = -5*r**2 - 8*r + 4. Let d(v) = f(v) - 4*q(v). Let s be d(-5). Let u(i) = i + 1. Let l be u(s). Let p(w) = -w + 2. Give p(l).
6
Let a(i) = i**2 - 1. Let n be a(2). Suppose 8 = n*v - 5*v. Let l(q) = q**2 - 1 + 0*q - q**3 - 4*q**2 + 4*q. Determine l(v).
-1
Let s(n) be the first derivative of n**2 + 2*n**2 - 2 + 0. Give s(1).
6
Let w(v) = v + 9. Let i(d) be the second derivative of -3*d + 0 + 13*d**2 + 1/2*d**3. Let s(x) = -3*i(x) + 8*w(x). What is s(-5)?
-1
Let n(i) = 12*i**2 - 2*i - 1. Let o(a) = -2*a + 3. Let h be o(2). Give n(h).
13
Let t(y) = y**3 + 6*y**2 - 6*y + 7. Let i be t(-7). Let r(w) = -4*w**2 + i - 2*w + 2*w**2 + 3. Let z be ((-8)/16)/(5/30). Determine r(z).
-9
Let m = -6 - -1. Let s(p) be the first derivative of -p**3/6 + 3*p + 1. Let w(r) be the first derivative of s(r). What is w(m)?
5
Let h(n) be the third derivative of -n**6/120 - 3*n**5/20 - 11*n**4/24 - 2*n**3 - 5*n**2. Determine h(-8).
12
Let g = 12 + -8. Let m(i) = -i**2 + i + 5. Determine m(g).
-7
Suppose 0 = -f - 2*f + 15. Suppose -3*k + f*t = -14, -4*k = -4*t - 10 - 6. Let d(z) = -5*z**3 - 6*z + z**k + 7 + 5*z**3 - 4*z**2. Give d(5).
2
Suppose -o = 4*g - 1, 2*o - 7 - 7 = -4*g. Suppose -5*p + o = -7. Let a(v) = -73 + 34 + 37 + v. Give a(p).
2
Let y(i) = 3 + i + 9 + 3*i - 3*i. What is y(0)?
12
Suppose 4*i + 5*x - 37 = 0, 0 = i - 6*x + 2*x + 17. Let g(p) = -4*p**2 - 150*p**3 - 1 + 2*p + p + 151*p**3. Determine g(i).
-1
Let v(f) = -f**3 - 2*f**2 - 4*f - 4. Suppose -w + 6*x = x + 8, 3*x = -2*w - 3. Determine v(w).
17
Let v(c) = -c**2 - 3*c + 6. Let k(g) = -g. Let t be k(5). Let r be v(t). Let w be (2/4)/(r/(-24)). Let b(q) = -q**3 + 3*q**2 - 2. Determine b(w).
-2
Let f be 3/(((-3)/(-2))/1). Suppose 10 = 2*y + 3*d, -f = 2*y + d - 4*d. Suppose -4*t + y*c + 2 = t, -4*t + 12 = c. Let u(k) = 3*k**2 - 3*k + 1. Determine u(t).
7
Let i(r) = 6*r**2 + 2*r + 1. Let h be i(-1). Let o(v) = v - 4. Determine o(h).
1
Let v(f) = f**2 + 4*f + 5. Let q(t) = -t**2 - 6*t. Let b be q(-6). Suppose b = 4*k + 16. What is v(k)?
5
Let g(n) = -n - 1. Suppose 3 = -3*i, i = -h + 4*i + 25. Let w be 276/(-66) + 4/h. Determine g(w).
3
Suppose -22 = -3*z - 28. Let s(t) be the third derivative of -t**6/120 - t**5/60 + t**4/24 - t**3/6 - t**2. Determine s(z).
1
Let w be ((-4)/(-2))/(2 - 4).